1 - 0. Suppose 0 = n + n - 6. List the prime factors of -14*b/6*n.
7
Let v = 3 - 1. Suppose -t - 4*t = -v*h + 102, -3 = -3*h. Let l = -9 - t. List the prime factors of l.
11
Suppose -2*p + 3*a = -368, 2*p - 4*a + 0*a - 366 = 0. What are the prime factors of p?
11, 17
Suppose 544 = -w + 5*w. Suppose -3*j + w = j. What are the prime factors of j?
2, 17
Let x = 234 - 30. List the prime factors of x.
2, 3, 17
Suppose 3*b + 25 = 8*b. Suppose 5*m = -5*r + 75, -b*m = 4*r - 0*m - 63. What are the prime factors of r?
2, 3
What are the prime factors of (48/7)/4*21?
2, 3
Suppose 5*p - 4*y = -93, -p - 6 - 30 = 5*y. Let j be (-35)/3 - (-1)/(-3). Let v = j - p. What are the prime factors of v?
3
Let o = 1 - -13. What are the prime factors of 6/21 - (-206)/o?
3, 5
Let x = 73 + 77. List the prime factors of x.
2, 3, 5
Let f(n) = -n**3 + 5*n**2 + 3*n - 6. Let b be f(5). Suppose 0 = -5*o + 4*o - 4*k - 5, 0 = 4*o - 5*k + 20. Let r = b + o. What are the prime factors of r?
2
Let m(z) = -z**3 + 4*z**2 + 7*z - 6. Let d be m(5). Suppose -8*n - 6 = -3*j - 3*n, -d*j - 6 = -2*n. Let c = -1 - j. List the prime factors of c.
2
Let a(f) = -f**2 + 5*f + 1. Let t be a(6). Let u be 6/(-9)*3 - t. Suppose u*s = -4*i + 44, -5*s + 10 = 2*i - 12. What are the prime factors of i?
11
List the prime factors of ((3 - 4) + 5)/(8/732).
2, 3, 61
What are the prime factors of (-8)/44 + (-79)/(-11)?
7
Let a(y) = 2*y + 2. Let l be a(4). Suppose 2*d - t = 14, -2*d + t - l = -3*d. List the prime factors of d.
2
Suppose 90 = u - 128. List the prime factors of u.
2, 109
Let g(i) = 2*i**2 + 2*i - 2. Let o be g(1). Let y = -3 - -5. Suppose 76 = y*j + o*j. List the prime factors of j.
19
Let m(y) = y**2 - 3. Let g be m(3). Let o = 9 - g. Suppose -h + 21 = 2*r, -o = -4*h + 3*h. What are the prime factors of r?
3
Suppose k + 120 = 4*k. List the prime factors of k.
2, 5
Suppose -45*h = -44*h - 117. What are the prime factors of h?
3, 13
Let h = -22 + 12. Let r = h - -17. Suppose 0 = 5*y - 17 + r. List the prime factors of y.
2
Let l = 26 + -14. List the prime factors of l/8*(-32)/(-6).
2
Let u(b) = -b - 3. Let v be u(-6). Suppose -4*r = -3*m - 19, 1 = r - v*m + 3. What are the prime factors of r?
7
Let x(o) = 2*o**3 - 6*o**2 + 4*o - 7. List the prime factors of x(4).
41
Let g(f) = -f**2 + 19*f - 17. List the prime factors of g(13).
61
Suppose -3*o + 12 = -6*o. What are the prime factors of (o/(-12))/((-1)/(-18))?
2, 3
Suppose 5*w - 6*w = -56. Suppose 4*l = -4*l + w. What are the prime factors of l?
7
Suppose -4*h = c - 53, 2*h = 5*c - 0*c - 221. What are the prime factors of c?
3, 5
List the prime factors of (-16)/(1 - 6/4).
2
Let q = 10 + -5. Let o be ((-10)/(-15))/((-2)/(-9)). Suppose -36 = -2*w + q*t, -o*w = 2*t - 7 - 9. What are the prime factors of w?
2
Suppose 2*d = -i + 57, -d - 5*i = -5*d + 121. What are the prime factors of d?
29
Let y = 68 + -48. List the prime factors of y.
2, 5
Let j(c) be the first derivative of c**3 + c**2 + 3*c + 3. List the prime factors of j(-2).
11
Suppose -4*v = -5 - 3. Let j be (1 + (-2)/(-4))*v. Suppose i + 12 + 13 = 3*x, j*i - 42 = -4*x. List the prime factors of x.
3
Suppose p + 4*p = 105. What are the prime factors of 868/p + 1/(-3)?
41
Suppose -4*i - 281 = -5*c, 4*c - 3*i - 111 = 2*c. What are the prime factors of c?
3, 19
Let s = -64 - -98. What are the prime factors of s?
2, 17
Let b = 13 - 8. Suppose -5*c - b = -55. What are the prime factors of c?
2, 5
Suppose -6*d + 2*d = -3*s - 213, -3*d - 3*s = -144. Suppose -x = 2*x - d. Let n = x - 8. What are the prime factors of n?
3
What are the prime factors of (-1130)/(-5) + 4 + 3?
233
Let w = 35 - 2. List the prime factors of (-1 - (3 - w)) + -3.
2, 13
Let w(j) = j**2 - 3*j + 3. What are the prime factors of w(7)?
31
Suppose 2*n + 3 = -3*a, -6*n + 21 = -n - 2*a. Suppose 8*u + 20 = n*u. List the prime factors of (u/10)/((-2)/70).
2, 7
Suppose 0 = -0*k + 5*k - 10, -2*i - 3*k + 92 = 0. Suppose 2*m + 3*m = 5*y - 115, 2*y = -m + i. List the prime factors of y.
2, 11
Let w(n) = -n**3 + 7*n**2 - 3. Let h be w(7). Let j(s) = 3*s**3 - 3 + 0*s**2 - 5*s - 4*s**3 - 4*s**2. What are the prime factors of j(h)?
3
Let t = -48 + 223. What are the prime factors of t?
5, 7
Let l be (-4)/(4/3) - -58. Suppose 2*t = t + l. What are the prime factors of t?
5, 11
Let k(c) = -2*c**3 + 3*c**2 - 1. Let t be k(2). List the prime factors of ((-374)/55)/(1/t).
2, 17
Let v = 7 + -9. Let u = 5 - v. What are the prime factors of u?
7
Let c(u) = -u - 6. Let n be c(-6). Suppose -2*h + 9 - 1 = n. List the prime factors of h/(-6) - 64/(-6).
2, 5
List the prime factors of (0 - -2)/(-1) + 64.
2, 31
Suppose -3*w + 60 = 3*x, 0*x = -3*x + w + 48. Suppose -3*c = -37 - x. Suppose -2*k + c = -0*k. List the prime factors of k.
3
Let d(v) = -v**2 - 11*v - 7. Let w be d(-10). Let c = w - -2. What are the prime factors of 4*c*(-12)/(-15)?
2
Let r(j) = j + 7. Let g(b) = b**2 + 3*b - 2. Let k be g(-3). Let x = k - -2. What are the prime factors of r(x)?
7
Let k = -5 + 17. Let m = k - 0. List the prime factors of m.
2, 3
Let u = 4 + -2. List the prime factors of (u - 11)*(-49)/21.
3, 7
Let k = 132 + 219. What are the prime factors of k?
3, 13
Let t(s) = -7*s + 5. Let n(m) = -8*m + 6. Suppose u + 2 + 4 = 0. Let l(q) = u*n(q) + 7*t(q). List the prime factors of l(-4).
3
Let b = -29 - -43. List the prime factors of 0 - (0 - b - 2).
2
Let t be 10/(-3)*(-18)/(-12). Let h = t - -12. List the prime factors of h.
7
Suppose 105 = 5*b - 300. List the prime factors of b.
3
What are the prime factors of 1758/15*2/(-4)*-5?
293
Suppose l + 5*h - 1 - 5 = 0, 0 = 5*l - 3*h - 170. List the prime factors of l.
31
Suppose 0 = -p, -x + 4*p = -2*x + 3. Suppose -x*z - z = 0. Suppose -u + 2*n = z, 0 = 2*u + 3*u - 2*n - 32. List the prime factors of u.
2
Let h(l) = -l**2 - 14*l - 7. What are the prime factors of h(-12)?
17
Let h be 2/6 + 1407/(-9). Let m = -104 - h. List the prime factors of m.
2, 13
Suppose 5*x - 4*s - 6 = 4*x, 3*s = 0. List the prime factors of x.
2, 3
Suppose 4*a = -0*a. Let v = -2 + 8. Suppose a*x + 2*x - v = 0. List the prime factors of x.
3
Suppose -19 = -3*n - 2*n - 2*v, n = -4*v - 7. Suppose -28 - 82 = -n*a. Suppose 2*g - g = a. List the prime factors of g.
2, 11
Suppose -3*y + 57 = -2*u, -u = 4*y - 55 - 10. Suppose 4*s - 5*l = y - 8, 0 = -4*s - 2*l + 30. What are the prime factors of s?
2, 3
Suppose 0*i = 2*i. Suppose i = -0*v - 3*v + 12. Suppose -2*x + 4*x - 14 = -v*u, -x + 2 = -3*u. List the prime factors of x.
5
Suppose -8*u + 6*u = -174. List the prime factors of u.
3, 29
Suppose 10 = -b - 3*l, -13 = 3*l + 2. Let h(o) = o - 8. Let y be h(b). Let i(t) = t**3 + 4*t**2 + 2*t + 2. List the prime factors of i(y).
5
Suppose -z = o + z - 35, -3*o + 83 = -5*z. What are the prime factors of o?
31
Suppose n - 3*j - 25 = 0, 4*n - 17 = -4*j + 35. What are the prime factors of n?
2
Let l be (35/14)/((-2)/(-4)). Suppose 0 = -4*g + l*g - 9. What are the prime factors of g?
3
Let v(g) be the third derivative of g**5/20 + g**4/8 + g**3/3 + g**2. Let i be v(-2). Suppose -i - 8 = -2*d. What are the prime factors of d?
2
Let f be -4 - 2*2/(-2). Let t(m) = -5*m. Let n be t(f). List the prime factors of n - (-2 - (-2 + 1)).
11
Suppose 5*g - 2*k = -k - 21, -g = -k + 1. Let t(n) = 2*n**2 + n. What are the prime factors of t(g)?
3, 5
Suppose 2*o - 907 + 7027 = 0. List the prime factors of o/(-110) + (-2)/(-11).
2, 7
Suppose 10*r = 7*r + 120. List the prime factors of r.
2, 5
Let t be (-14)/(-2)*(0 - 1). Let i = t - -12. Suppose 0 = -i*l + 2 + 38. What are the prime factors of l?
2
Let q(k) = -2*k + 3. Let y be q(3). Let h = 4 + y. List the prime factors of ((-6)/(-5))/(h/10).
2, 3
Let p(l) = 8*l**3 - 14*l**2 - 17. Let r(i) = 3*i**3 - 5*i**2 - 6. Let c(m) = 6*p(m) - 17*r(m). Let b be c(-1). List the prime factors of 2/b + 15/6.
3
Suppose -3 - 9 = 3*r. Let i(a) = -3*a - 6. List the prime factors of i(r).
2, 3
Let f = 61 - 17. What are the prime factors of f?
2, 11
List the prime factors of 3/(-1) + 4 - -77.
2, 3, 13
Let s = 3 + 5. Suppose 4*r - s = 32. List the prime factors of r.
2, 5
Let p(i) = i**2 + 2*i - 12. Let d be p(-6). Let x(m) = -m**2 + 14*m - 4. What are the prime factors of x(d)?
2, 5
List the prime factors of -7 - (2 - 6) - -40.
37
Let i = -30 + 15. Let s = 31 + i